{"id":1159,"date":"2023-07-31T19:01:55","date_gmt":"2023-07-31T19:01:55","guid":{"rendered":"https:\/\/www.aseoservicios.com\/sitio\/?page_id=1159"},"modified":"2023-08-10T16:29:58","modified_gmt":"2023-08-10T16:29:58","slug":"acerca-de-aseo-servicios","status":"publish","type":"page","link":"https:\/\/www.aseoservicios.com\/sitio\/acerca-de-aseo-servicios\/","title":{"rendered":"Acerca de Aseo Servicios"},"content":{"rendered":"<p><section class=\"kc-elm kc-css-455777 kc_row\"><div class=\"kc-row-container  kc-container\"><div class=\"kc-wrap-columns\"><div class=\"kc-elm kc-css-184708 kc_col-sm-6 kc_column kc_col-sm-6\"><div class=\"kc-col-container\"><div class=\"kc-elm kc-css-288097 kc_box_wrap \"><div><div class=\"one-one\"><h3><strong style=\"color: #0277b1;\">Misi\u00f3n:<\/strong><\/h3><p>Atraer, capacitar, fidelizar y administrar de forma eficiente el mejor recurso humano, buscando que la experiencia en el uso de nuestro servicio impacte y aporte valor en todos los niveles de clientes y trabajadores, mediante el desarrollo de estrategias basadas en innovaci\u00f3n, transformaci\u00f3n y tecnolog\u00eda.<\/p><h3><strong style=\"color: #0277b1;\">Visi\u00f3n:<\/strong><\/h3><p>Ser el aliado estrat\u00e9gico en recursos humanos que se anticipa a los cambios y a las exigencias del mercado, mediante la renovaci\u00f3n continua en la gesti\u00f3n del talento humano; desarrollando una verdadera ventaja competitiva que diferencie nuestro servicio y de respuesta de forma integral y flexible a los requerimientos en la administraci\u00f3n del talento humano de nuestros clientes y trabajadores.<\/p><h3><strong style=\"color: #0277b1;\">Principios:<\/strong><\/h3><div class=\"vineta hex-dgray\"><ul><li style=\"list-style-type: none;\"><ul><li>Todas las empresas usuarias que demanden nuestros servicios y el recurso humano requerido para satisfacer sus necesidades enmarcan nuestra raz\u00f3n de ser.<\/li><\/ul><\/li><\/ul><ul><li style=\"list-style-type: none;\"><ul><li>Concedemos especial atenci\u00f3n a la generaci\u00f3n y conservaci\u00f3n de empleo y a las normas legales y sociales.<\/li><li>Respetamos y defendemos la dignidad humana.<\/li><\/ul><\/li><\/ul><ul><li style=\"list-style-type: none;\"><ul><li>Nos integramos activamente a la comunidad respetando y acatando sus normas.<\/li><\/ul><\/li><\/ul><\/div><\/div><\/div><\/div><\/div><\/div><div class=\"kc-elm kc-css-456947 kc_col-sm-6 kc_column kc_col-sm-6\"><div class=\"kc-col-container\"><div class=\"kc-elm kc-css-462829 kc_shortcode kc_single_image\">\n\n        <img decoding=\"async\" src=\"https:\/\/www.aseoservicios.com\/sitio\/wp-content\/uploads\/2023\/07\/img01.jpg\" class=\"\" alt=\"\" \/>    <\/div>\n<\/div><\/div><\/div><\/div><\/section><section class=\"kc-elm kc-css-636493 kc_row\"><div class=\"kc-row-container  kc-container\"><div class=\"kc-wrap-columns\"><div class=\"kc-elm kc-css-633828 kc_col-sm-12 kc_column kc_col-sm-12\"><div class=\"kc-col-container\"><div class=\"kc-elm kc-css-466855\" style=\"height: 99px; clear: both; width:100%;\"><\/div><\/div><\/div><\/div><\/div><\/section><section class=\"kc-elm kc-css-979184 kc_row\"><div class=\"kc-row-container  kc-container\"><div class=\"kc-wrap-columns\"><div class=\"kc-elm kc-css-434432 kc_col-sm-12 kc_column kc_col-sm-12\"><div class=\"kc-col-container\"><div class=\"kc-elm kc-css-475470 kc_accordion_wrapper\">\n<div class=\"kc-elm kc-css-951888 kc_accordion_section group \"><h3 class=\"kc_accordion_header ui-accordion-header\"><span class=\"ui-accordion-header-icon ui-icon\"><\/span><a href=\"#induccion-corporativa\" data-prevent=\"scroll\"><i class=\"\"><\/i> Inducci\u00f3n Corporativa<\/a><\/h3><div class=\"kc_accordion_content ui-accordion-content kc_clearfix\"><div class=\"kc-panel-body\">\n<div class=\"kc-elm kc-css-284098\">\n\t<a class=\"kc_button\" href=\"https:\/\/www.aseoservicios.com\/sitio\/wp-content\/uploads\/2023\/08\/Manual_de_induccion-Aseoservicios.pdf\" target=\"_blank\" title=\"\" onclick=\"\">\n\t\t<i class=\"fa-file-pdf\"><\/i> Manual de Inducci\u00f3n\t<\/a>\n<\/div>\n<\/div><\/div><\/div><div class=\"kc-elm kc-css-511618 kc_accordion_section group \"><h3 class=\"kc_accordion_header ui-accordion-header\"><span class=\"ui-accordion-header-icon ui-icon\"><\/span><a href=\"#proteccion-de-datos-personales\" data-prevent=\"scroll\"><i class=\"\"><\/i> Protecci\u00f3n de datos personales<\/a><\/h3><div class=\"kc_accordion_content ui-accordion-content kc_clearfix\"><div class=\"kc-panel-body\">\n<div class=\"kc-elm kc-css-611732\">\n\t<a class=\"kc_button\" href=\"https:\/\/www.aseoservicios.com\/sitio\/wp-content\/uploads\/2023\/08\/politicas_y_procedimientos_para_tratamiento_de_datos_-personales-20180403-1.pdf\" target=\"_blank\" title=\"\" onclick=\"\">\n\t\t<i class=\"fa-file-pdf\"><\/i> Aviso de privacidad y manejo de datos perosnales\t<\/a>\n<\/div>\n\n<div class=\"kc-elm kc-css-794627\">\n\t<a class=\"kc_button\" href=\"https:\/\/www.aseoservicios.com\/sitio\/wp-content\/uploads\/2023\/08\/aviso-de-privacidad-y-manejo-de-datos-personales-1.pdf\" target=\"_blank\" title=\"\" onclick=\"\">\n\t\t<i class=\"fa-file-pdf\"><\/i> Pol\u00edtica de tratamiento de datos personales\t<\/a>\n<\/div>\n<\/div><\/div><\/div><div class=\"kc-elm kc-css-582703 kc_accordion_section group \"><h3 class=\"kc_accordion_header ui-accordion-header\"><span class=\"ui-accordion-header-icon ui-icon\"><\/span><a href=\"#seguridad-de-la-informacion\" data-prevent=\"scroll\"><i class=\"\"><\/i> Seguridad de la informaci\u00f3n<\/a><\/h3><div class=\"kc_accordion_content ui-accordion-content kc_clearfix\"><div class=\"kc-panel-body\">\n<div class=\"kc-elm kc-css-159431\">\n\t<a class=\"kc_button\" href=\"https:\/\/www.aseoservicios.com\/sitio\/wp-content\/uploads\/2023\/08\/K-061-Politica-de-Seguridad-de-la-Informacion-OSYA.pdf\" target=\"_blank\" title=\"\" onclick=\"\">\n\t\t<i class=\"fa-file-pdf\"><\/i> Pol\u00edtica general de seguridad de la informaci\u00f3n\t<\/a>\n<\/div>\n<\/div><\/div><\/div><div class=\"kc-elm kc-css-800235 kc_accordion_section group \"><h3 class=\"kc_accordion_header ui-accordion-header\"><span class=\"ui-accordion-header-icon ui-icon\"><\/span><a href=\"#sostenibilidad\" data-prevent=\"scroll\"><i class=\"\"><\/i> Sostenibilidad<\/a><\/h3><div class=\"kc_accordion_content ui-accordion-content kc_clearfix\"><div class=\"kc-panel-body\">\n<div class=\"kc-elm kc-css-891928\">\n\t<a class=\"kc_button\" href=\"https:\/\/www.aseoservicios.com\/sitio\/wp-content\/uploads\/2023\/08\/informe-de-sostenibilidad-2021-1.pdf\" target=\"_blank\" title=\"\" onclick=\"\">\n\t\t<i class=\"fa-file-pdf\"><\/i> Informe de sostenbilidad\t<\/a>\n<\/div>\n<\/div><\/div><\/div><div class=\"kc-elm kc-css-371736 kc_accordion_section group \"><h3 class=\"kc_accordion_header ui-accordion-header\"><span class=\"ui-accordion-header-icon ui-icon\"><\/span><a href=\"#reglamento-interno-de-trabajo\" data-prevent=\"scroll\"><i class=\"\"><\/i> Reglamento interno de trabajo<\/a><\/h3><div class=\"kc_accordion_content ui-accordion-content kc_clearfix\"><div class=\"kc-panel-body\">\n<div class=\"kc-elm kc-css-550495\">\n\t<a class=\"kc_button\" href=\"https:\/\/www.aseoservicios.com\/sitio\/wp-content\/uploads\/2024\/01\/K_056_Reglamento_interno_de_trabajo_Aseo_v5.pdf\" target=\"_blank\" title=\"\" onclick=\"\">\n\t\t<i class=\"fa-file-pdf\"><\/i> Reglamento interno de trabajo\t<\/a>\n<\/div>\n<\/div><\/div><\/div><div class=\"kc-elm kc-css-998400 kc_accordion_section group \"><h3 class=\"kc_accordion_header ui-accordion-header\"><span class=\"ui-accordion-header-icon ui-icon\"><\/span><a href=\"#sst-y-medio-ambiente\" data-prevent=\"scroll\"><i class=\"\"><\/i> SST y Medio ambiente<\/a><\/h3><div class=\"kc_accordion_content ui-accordion-content kc_clearfix\"><div class=\"kc-panel-body\">\n<div class=\"kc-elm kc-css-532157\">\n\t<a class=\"kc_button\" href=\"https:\/\/www.aseoservicios.com\/sitio\/wp-content\/uploads\/2024\/01\/K_048_Reglamento_higiene_seguridad_industrial_ASEO_2024.pdf\" target=\"_blank\" title=\"\" onclick=\"\">\n\t\t<i class=\"fa-file-pdf\"><\/i> Reglamento de higene y seguridad industrial\t<\/a>\n<\/div>\n<\/div><\/div><\/div><\/div>\n<\/div><\/div><\/div><\/div><\/section><\/p>\n","protected":false},"excerpt":{"rendered":"","protected":false},"author":1,"featured_media":0,"parent":0,"menu_order":0,"comment_status":"closed","ping_status":"closed","template":"","meta":{"footnotes":""},"class_list":["post-1159","page","type-page","status-publish","hentry"],"yoast_head":"<!-- This site is optimized with the Yoast SEO plugin v27.4 - https:\/\/yoast.com\/product\/yoast-seo-wordpress\/ -->\n<title>Acerca de Aseo Servicios - AseoServicios<\/title>\n<meta name=\"robots\" content=\"index, follow, max-snippet:-1, max-image-preview:large, max-video-preview:-1\" \/>\n<link rel=\"canonical\" href=\"https:\/\/www.aseoservicios.com\/sitio\/acerca-de-aseo-servicios\/\" \/>\n<meta property=\"og:locale\" content=\"es_ES\" \/>\n<meta property=\"og:type\" content=\"article\" \/>\n<meta property=\"og:title\" content=\"Acerca de Aseo Servicios - AseoServicios\" \/>\n<meta property=\"og:description\" content=\"Misi\u00f3n: Atraer, capacitar, fidelizar y administrar de forma eficiente el mejor recurso humano, buscando que la experiencia en el uso de nuestro servicio impacte y aporte valor en todos los niveles de clientes y trabajadores, mediante el desarrollo de estrategias basadas en innovaci\u00f3n, transformaci\u00f3n y tecnolog\u00eda. Visi\u00f3n: Ser el aliado estrat\u00e9gico en recursos humanos que [&hellip;]\" \/>\n<meta property=\"og:url\" content=\"https:\/\/www.aseoservicios.com\/sitio\/acerca-de-aseo-servicios\/\" \/>\n<meta property=\"og:site_name\" content=\"AseoServicios\" \/>\n<meta property=\"article:publisher\" content=\"https:\/\/www.facebook.com\/osyacolombia\" \/>\n<meta property=\"article:modified_time\" content=\"2023-08-10T16:29:58+00:00\" \/>\n<meta property=\"og:image\" content=\"http:\/\/www.aseoservicios.com\/sitio\/wp-content\/uploads\/2023\/07\/img01.jpg\" \/>\n<meta name=\"twitter:card\" content=\"summary_large_image\" \/>\n<meta name=\"twitter:label1\" content=\"Tiempo de lectura\" \/>\n\t<meta name=\"twitter:data1\" content=\"1 minuto\" \/>\n<script type=\"application\/ld+json\" class=\"yoast-schema-graph\">{\"@context\":\"https:\\\/\\\/schema.org\",\"@graph\":[{\"@type\":\"WebPage\",\"@id\":\"https:\\\/\\\/www.aseoservicios.com\\\/sitio\\\/acerca-de-aseo-servicios\\\/\",\"url\":\"https:\\\/\\\/www.aseoservicios.com\\\/sitio\\\/acerca-de-aseo-servicios\\\/\",\"name\":\"Acerca de Aseo Servicios - AseoServicios\",\"isPartOf\":{\"@id\":\"https:\\\/\\\/www.aseoservicios.com\\\/sitio\\\/#website\"},\"primaryImageOfPage\":{\"@id\":\"https:\\\/\\\/www.aseoservicios.com\\\/sitio\\\/acerca-de-aseo-servicios\\\/#primaryimage\"},\"image\":{\"@id\":\"https:\\\/\\\/www.aseoservicios.com\\\/sitio\\\/acerca-de-aseo-servicios\\\/#primaryimage\"},\"thumbnailUrl\":\"https:\\\/\\\/www.aseoservicios.com\\\/sitio\\\/wp-content\\\/uploads\\\/2023\\\/07\\\/img01.jpg\",\"datePublished\":\"2023-07-31T19:01:55+00:00\",\"dateModified\":\"2023-08-10T16:29:58+00:00\",\"breadcrumb\":{\"@id\":\"https:\\\/\\\/www.aseoservicios.com\\\/sitio\\\/acerca-de-aseo-servicios\\\/#breadcrumb\"},\"inLanguage\":\"es\",\"potentialAction\":[{\"@type\":\"ReadAction\",\"target\":[\"https:\\\/\\\/www.aseoservicios.com\\\/sitio\\\/acerca-de-aseo-servicios\\\/\"]}]},{\"@type\":\"ImageObject\",\"inLanguage\":\"es\",\"@id\":\"https:\\\/\\\/www.aseoservicios.com\\\/sitio\\\/acerca-de-aseo-servicios\\\/#primaryimage\",\"url\":\"https:\\\/\\\/www.aseoservicios.com\\\/sitio\\\/wp-content\\\/uploads\\\/2023\\\/07\\\/img01.jpg\",\"contentUrl\":\"https:\\\/\\\/www.aseoservicios.com\\\/sitio\\\/wp-content\\\/uploads\\\/2023\\\/07\\\/img01.jpg\",\"width\":640,\"height\":480},{\"@type\":\"BreadcrumbList\",\"@id\":\"https:\\\/\\\/www.aseoservicios.com\\\/sitio\\\/acerca-de-aseo-servicios\\\/#breadcrumb\",\"itemListElement\":[{\"@type\":\"ListItem\",\"position\":1,\"name\":\"Portada\",\"item\":\"https:\\\/\\\/www.aseoservicios.com\\\/sitio\\\/\"},{\"@type\":\"ListItem\",\"position\":2,\"name\":\"Acerca de Aseo Servicios\"}]},{\"@type\":\"WebSite\",\"@id\":\"https:\\\/\\\/www.aseoservicios.com\\\/sitio\\\/#website\",\"url\":\"https:\\\/\\\/www.aseoservicios.com\\\/sitio\\\/\",\"name\":\"AseoServicios\",\"description\":\"Por nuestra experiencia y solidez econ&oacute;mica somos el aliado que su empresa necesita\",\"publisher\":{\"@id\":\"https:\\\/\\\/www.aseoservicios.com\\\/sitio\\\/#organization\"},\"potentialAction\":[{\"@type\":\"SearchAction\",\"target\":{\"@type\":\"EntryPoint\",\"urlTemplate\":\"https:\\\/\\\/www.aseoservicios.com\\\/sitio\\\/?s={search_term_string}\"},\"query-input\":{\"@type\":\"PropertyValueSpecification\",\"valueRequired\":true,\"valueName\":\"search_term_string\"}}],\"inLanguage\":\"es\"},{\"@type\":\"Organization\",\"@id\":\"https:\\\/\\\/www.aseoservicios.com\\\/sitio\\\/#organization\",\"name\":\"AseoServicios\",\"url\":\"https:\\\/\\\/www.aseoservicios.com\\\/sitio\\\/\",\"logo\":{\"@type\":\"ImageObject\",\"inLanguage\":\"es\",\"@id\":\"https:\\\/\\\/www.aseoservicios.com\\\/sitio\\\/#\\\/schema\\\/logo\\\/image\\\/\",\"url\":\"https:\\\/\\\/www.aseoservicios.com\\\/sitio\\\/wp-content\\\/uploads\\\/2023\\\/12\\\/cropped-logo-aseo-servicios-v2-1.png\",\"contentUrl\":\"https:\\\/\\\/www.aseoservicios.com\\\/sitio\\\/wp-content\\\/uploads\\\/2023\\\/12\\\/cropped-logo-aseo-servicios-v2-1.png\",\"width\":240,\"height\":73,\"caption\":\"AseoServicios\"},\"image\":{\"@id\":\"https:\\\/\\\/www.aseoservicios.com\\\/sitio\\\/#\\\/schema\\\/logo\\\/image\\\/\"},\"sameAs\":[\"https:\\\/\\\/www.facebook.com\\\/osyacolombia\",\"https:\\\/\\\/www.instagram.com\\\/osya.sas\\\/\",\"https:\\\/\\\/www.linkedin.com\\\/company\\\/37299504\\\/admin\\\/feed\\\/posts\\\/\"]}]}<\/script>\n<!-- \/ Yoast SEO plugin. -->","yoast_head_json":{"title":"Acerca de Aseo Servicios - AseoServicios","robots":{"index":"index","follow":"follow","max-snippet":"max-snippet:-1","max-image-preview":"max-image-preview:large","max-video-preview":"max-video-preview:-1"},"canonical":"https:\/\/www.aseoservicios.com\/sitio\/acerca-de-aseo-servicios\/","og_locale":"es_ES","og_type":"article","og_title":"Acerca de Aseo Servicios - AseoServicios","og_description":"Misi\u00f3n: Atraer, capacitar, fidelizar y administrar de forma eficiente el mejor recurso humano, buscando que la experiencia en el uso de nuestro servicio impacte y aporte valor en todos los niveles de clientes y trabajadores, mediante el desarrollo de estrategias basadas en innovaci\u00f3n, transformaci\u00f3n y tecnolog\u00eda. Visi\u00f3n: Ser el aliado estrat\u00e9gico en recursos humanos que [&hellip;]","og_url":"https:\/\/www.aseoservicios.com\/sitio\/acerca-de-aseo-servicios\/","og_site_name":"AseoServicios","article_publisher":"https:\/\/www.facebook.com\/osyacolombia","article_modified_time":"2023-08-10T16:29:58+00:00","og_image":[{"url":"http:\/\/www.aseoservicios.com\/sitio\/wp-content\/uploads\/2023\/07\/img01.jpg","type":"","width":"","height":""}],"twitter_card":"summary_large_image","twitter_misc":{"Tiempo de lectura":"1 minuto"},"schema":{"@context":"https:\/\/schema.org","@graph":[{"@type":"WebPage","@id":"https:\/\/www.aseoservicios.com\/sitio\/acerca-de-aseo-servicios\/","url":"https:\/\/www.aseoservicios.com\/sitio\/acerca-de-aseo-servicios\/","name":"Acerca de Aseo Servicios - AseoServicios","isPartOf":{"@id":"https:\/\/www.aseoservicios.com\/sitio\/#website"},"primaryImageOfPage":{"@id":"https:\/\/www.aseoservicios.com\/sitio\/acerca-de-aseo-servicios\/#primaryimage"},"image":{"@id":"https:\/\/www.aseoservicios.com\/sitio\/acerca-de-aseo-servicios\/#primaryimage"},"thumbnailUrl":"https:\/\/www.aseoservicios.com\/sitio\/wp-content\/uploads\/2023\/07\/img01.jpg","datePublished":"2023-07-31T19:01:55+00:00","dateModified":"2023-08-10T16:29:58+00:00","breadcrumb":{"@id":"https:\/\/www.aseoservicios.com\/sitio\/acerca-de-aseo-servicios\/#breadcrumb"},"inLanguage":"es","potentialAction":[{"@type":"ReadAction","target":["https:\/\/www.aseoservicios.com\/sitio\/acerca-de-aseo-servicios\/"]}]},{"@type":"ImageObject","inLanguage":"es","@id":"https:\/\/www.aseoservicios.com\/sitio\/acerca-de-aseo-servicios\/#primaryimage","url":"https:\/\/www.aseoservicios.com\/sitio\/wp-content\/uploads\/2023\/07\/img01.jpg","contentUrl":"https:\/\/www.aseoservicios.com\/sitio\/wp-content\/uploads\/2023\/07\/img01.jpg","width":640,"height":480},{"@type":"BreadcrumbList","@id":"https:\/\/www.aseoservicios.com\/sitio\/acerca-de-aseo-servicios\/#breadcrumb","itemListElement":[{"@type":"ListItem","position":1,"name":"Portada","item":"https:\/\/www.aseoservicios.com\/sitio\/"},{"@type":"ListItem","position":2,"name":"Acerca de Aseo Servicios"}]},{"@type":"WebSite","@id":"https:\/\/www.aseoservicios.com\/sitio\/#website","url":"https:\/\/www.aseoservicios.com\/sitio\/","name":"AseoServicios","description":"Por nuestra experiencia y solidez econ&oacute;mica somos el aliado que su empresa necesita","publisher":{"@id":"https:\/\/www.aseoservicios.com\/sitio\/#organization"},"potentialAction":[{"@type":"SearchAction","target":{"@type":"EntryPoint","urlTemplate":"https:\/\/www.aseoservicios.com\/sitio\/?s={search_term_string}"},"query-input":{"@type":"PropertyValueSpecification","valueRequired":true,"valueName":"search_term_string"}}],"inLanguage":"es"},{"@type":"Organization","@id":"https:\/\/www.aseoservicios.com\/sitio\/#organization","name":"AseoServicios","url":"https:\/\/www.aseoservicios.com\/sitio\/","logo":{"@type":"ImageObject","inLanguage":"es","@id":"https:\/\/www.aseoservicios.com\/sitio\/#\/schema\/logo\/image\/","url":"https:\/\/www.aseoservicios.com\/sitio\/wp-content\/uploads\/2023\/12\/cropped-logo-aseo-servicios-v2-1.png","contentUrl":"https:\/\/www.aseoservicios.com\/sitio\/wp-content\/uploads\/2023\/12\/cropped-logo-aseo-servicios-v2-1.png","width":240,"height":73,"caption":"AseoServicios"},"image":{"@id":"https:\/\/www.aseoservicios.com\/sitio\/#\/schema\/logo\/image\/"},"sameAs":["https:\/\/www.facebook.com\/osyacolombia","https:\/\/www.instagram.com\/osya.sas\/","https:\/\/www.linkedin.com\/company\/37299504\/admin\/feed\/posts\/"]}]}},"_links":{"self":[{"href":"https:\/\/www.aseoservicios.com\/sitio\/wp-json\/wp\/v2\/pages\/1159","targetHints":{"allow":["GET"]}}],"collection":[{"href":"https:\/\/www.aseoservicios.com\/sitio\/wp-json\/wp\/v2\/pages"}],"about":[{"href":"https:\/\/www.aseoservicios.com\/sitio\/wp-json\/wp\/v2\/types\/page"}],"author":[{"embeddable":true,"href":"https:\/\/www.aseoservicios.com\/sitio\/wp-json\/wp\/v2\/users\/1"}],"replies":[{"embeddable":true,"href":"https:\/\/www.aseoservicios.com\/sitio\/wp-json\/wp\/v2\/comments?post=1159"}],"version-history":[{"count":9,"href":"https:\/\/www.aseoservicios.com\/sitio\/wp-json\/wp\/v2\/pages\/1159\/revisions"}],"predecessor-version":[{"id":1781,"href":"https:\/\/www.aseoservicios.com\/sitio\/wp-json\/wp\/v2\/pages\/1159\/revisions\/1781"}],"wp:attachment":[{"href":"https:\/\/www.aseoservicios.com\/sitio\/wp-json\/wp\/v2\/media?parent=1159"}],"curies":[{"name":"wp","href":"https:\/\/api.w.org\/{rel}","templated":true}]}}